0 = 1424*t - 1440*t + 776368. Is t composite?
False
Is 2 - (5 + -7)/((12/(-367203))/(-2)) composite?
True
Suppose -49*j + 51*j + 8 = 0. Is 2 + j + 4 - -975 prime?
True
Let l be (14 + -2)*(-1)/2. Let b(x) = 2*x + 14. Let n be b(l). Is 9/(1 + n) - -68 a composite number?
False
Let g(y) = 15*y + 96. Let d be g(-7). Is 1/(2/10*d/(-207)) prime?
False
Suppose 2*c = -7*c + 303804. Suppose 4*d - 16 = 4*k, -3*d = -4*k - d - 14. Is (c/6)/(-2 + (k - -7)) a prime number?
False
Let a be (-12)/20 - 122/5. Is -1061*(a - -5)/4 a composite number?
True
Suppose 2*m = 4*w + 50886, 0 = -7*m + 3*m + 6*w + 101762. Is m a composite number?
True
Let j(r) = -r**2 + 3. Let z be j(-1). Let y be (z/3)/((-12)/(-54)). Suppose 599 - 26 = y*l. Is l a prime number?
True
Suppose -2*i + 10 = -2. Is (33/i)/((-4)/(-2056)) a composite number?
True
Let c = 25 - 29. Is 1069/(c/(-5) - 13/(-65)) a composite number?
False
Suppose -15*b + 59031 = -6*b. Suppose -255*n = -248*n - b. Is n a prime number?
True
Suppose 6*d - 4*d = 5*r - 159111, -9*r = 3*d - 286380. Is r composite?
True
Let d = -684 - -689. Suppose m - 39980 = -5*t, -d*t + 3 = -12. Is m a composite number?
True
Let w(o) = 149190*o**2 - 862*o - 4293. Is w(-5) prime?
True
Let w = -902429 + 1294498. Is w prime?
True
Suppose 21*m - 12*m = -69*m + 578058. Is m a composite number?
False
Suppose -t + 2*d + 42268 + 52873 = 0, -3*t = 3*d - 285378. Is t prime?
True
Let b = 203428 - -709153. Is b a prime number?
True
Let o(f) be the second derivative of -f**5 + f**4/12 + 7*f**3/6 + 3*f**2/2 - 2*f - 27. Is o(-4) prime?
False
Let i = 7963 - -3204. Suppose -3*d = -d. Suppose 5*c - 12438 - i = d. Is c composite?
False
Let v(p) = 6*p**2 - 1. Let r be v(-1). Let t(w) = 294*w**3 - 5*w**2 - 2*w - 10. Is t(r) a prime number?
False
Let r(o) = o**3 + 6*o**2 + 17*o + 6805. Let z be r(0). Suppose 4*t = 4*y + 92, -2*y + 5 = -1. Suppose 27*q = t*q + z. Is q prime?
False
Suppose 1252290 = 22*g - 13234954 + 1410906. Is g prime?
True
Let c be 2/5*170/17. Suppose c*r - 5*r - 5*m = -2984, -2992 = -r - 3*m. Suppose -3*f - s + r = 0, -f - 2*s = 3*s - 978. Is f a composite number?
True
Let g(w) = 542*w - 6. Let v be g(7). Suppose 5*z - 5*k = -4765, -4*k = 4*z - 2*k + v. Let j = z + 1626. Is j prime?
True
Is ((1 - 0) + -518380)*(-209)/627 a composite number?
True
Is (-17)/(136/552220)*(-4)/10 prime?
True
Let s = -675 + 1462. Suppose -9*c + s = -8*c. Is c prime?
True
Suppose -162*q - 8340674 = -224*q. Is q composite?
True
Let w be (-11)/(33/(-6)) + 14. Suppose 14*i = w*i - 2*n - 1274, -3*i + 5*n + 1915 = 0. Is i prime?
False
Let d(u) = -21*u**2 - u - 101. Let b(a) = 20*a**2 + 2*a + 100. Let y(t) = -2*b(t) - 3*d(t). Is y(-11) a composite number?
False
Suppose -4*d = 4*t - 1784, -2*t + 3*d + 1777 = 2*t. Suppose 1876 = j - t. Is j a composite number?
True
Let l be 42/8 + (-16)/64. Suppose 1104 + 464081 = l*z. Is z prime?
False
Let n be 13/13 - (1 - 5) - -7. Suppose -34168 - 54260 = -n*w. Is w a prime number?
True
Suppose -12*n - 29*n = 4920. Is 10/(n/124)*-249 a composite number?
True
Suppose -s + 5*y = y - 18, 26 = 5*s - 4*y. Suppose -5*p = 3*t - 15, s*p + 7 + 3 = 2*t. Is (p/(-3) - 1)*-4317 a composite number?
True
Let b be (7 + -5)*1*77. Suppose 0 = m - 44 + b. Let r = 189 + m. Is r a prime number?
True
Let k(z) = -z + 3. Let c be k(8). Let m be (36/8 + c)/((-1)/(-6)). Is ((-7)/m)/7 + 1904/3 a composite number?
True
Suppose -3330 = -5*z - 4*x - 0*x, -3*x = -15. Let t = 5535 + z. Is t a composite number?
False
Let f be ((-340)/(-3))/(7/(-21)). Let r = -9 + f. Let b = r + 600. Is b composite?
False
Let c be ((-4812)/(-10))/(45/(-150)). Let s = 495 - c. Is s composite?
False
Let c(a) be the third derivative of 3*a**4/4 - a**3/2 + 2*a**2 + 131*a. Suppose -4*m + f + 9 = -9, 4*m = 5*f + 26. Is c(m) composite?
True
Suppose 9317 = 99*q - 96*q - 2*u, 0 = 5*u - 10. Is q a prime number?
False
Suppose -8*h - h = -216. Suppose 5*a + 4*l = l + h, -18 = -5*a - l. Suppose 5*n - a*s = 3520, -s - 1417 = -2*n + 2*s. Is n a composite number?
False
Let a(p) = -2*p**3 - 12*p**2 + 25*p - 7. Let l(f) = -3*f**3 - 13*f**2 + 25*f - 7. Let r(y) = 4*a(y) - 5*l(y). Is r(10) a composite number?
True
Let i = 671 + -1305. Let m = i - -1711. Is m a prime number?
False
Let w(u) = 151*u - 29. Let x be 2 + -2 + 11 + -1. Is w(x) a prime number?
True
Let z be (63/(-36))/(((-9)/(-12))/3). Is 2 - z/(28/21516) a composite number?
False
Suppose 3731975 = 18*h - 1607851. Is h a prime number?
False
Let g be 1/3 + 140/21. Suppose g*o = 16031 + 10548. Suppose -5*p = -2*a - o, -4*p + 4*a + 1019 = -2009. Is p prime?
True
Suppose 3*m - 2196690 = -27*m. Is m composite?
True
Let c(l) = l**3 - 20*l**2 + 36*l - 17. Let v be c(18). Let w(t) = -150*t - 159. Is w(v) prime?
False
Let x(o) = -27149*o**3 - o**2 - 13*o - 12. Is x(-1) a prime number?
False
Let m(v) be the first derivative of v**3/3 + 3*v**2/2 - 8*v + 7. Let t be m(-5). Suppose -t*f + g + 486 = f, 5*f - 3*g = 814. Is f a composite number?
True
Suppose -2*a + 18*a = 0. Is (-3 + -2)/(-10)*2510 + a composite?
True
Suppose -4*r + 9*r = -2*v + 6, 0 = 4*r. Let f(x) = 983*x + 4. Is f(v) a prime number?
True
Suppose g + 0*g - 103019 = 3*p, 309057 = 3*g - 2*p. Is g a composite number?
True
Let t be ((0 - 0)*1)/((-2)/1). Let a be t + 1 + 18/(-6). Is (1 - a/(-3))/(7/1659) a prime number?
True
Suppose 0 = -v - 2*x + 86, 5*x + 16 = v - 49. Is 343640/v - (-1)/(-2) a prime number?
False
Is ((-14)/(-35))/(22/20380855) a prime number?
True
Let j = -15 - 19. Let r = j - -325. Is r prime?
False
Suppose -27*c + 31*c - 32716 = 0. Let l = 278 + c. Is (((-28)/(-12) - 3)*l)/(-2) composite?
False
Is (-1 - 50)*(3975671/51)/(-7) prime?
False
Let h = -34587 + 50814. Suppose -m + 2*u + 6533 = 0, -3*m + h = 3*u - 3408. Is m composite?
True
Let s(z) = -z**2 - 19*z - 24. Let j be s(-17). Suppose -j*c + 31876 + 77154 = 0. Is c a composite number?
False
Let o = 14766 + 33868. Is o a prime number?
False
Suppose -2*z = -2*s + 9556, z - 19140 = -4*s - 2*z. Suppose -3*g - 9 = 0, 4*g - 39100 = -2*d - s. Is d a composite number?
True
Let o = -24 + 18. Let b = -563 - -988. Let v = o + b. Is v composite?
False
Is -63*(-4 + (-574007)/63) composite?
True
Let j be (-936)/(-3 - 1) - (-1 + 1). Let g = j + 863. Is g a prime number?
True
Let q = 9 - 4. Suppose 2*h - q = 3. Suppose 3*r + 217 + 137 = h*b, -263 = -3*b + r. Is b a prime number?
False
Let a(s) = -100*s - 13. Is a(-36) composite?
True
Suppose 84*u - 102*u = -743238. Is u a prime number?
False
Let t be -2*(-3)/6*-207. Let g = t + 10. Let d = -36 - g. Is d prime?
False
Suppose -16 = 8*d - 12*d, -7816 = -v - 5*d. Let c = v - 5367. Is c a composite number?
True
Suppose -3*t + 4 = 10. Let b be 758/8 - (t - (-14)/8). Suppose -j + b = 3*s, 2*s + j - 76 = -14. Is s prime?
False
Let l(t) = -2*t**3 + 25*t**2 - 9*t - 13. Let x be l(12). Let n(b) = 4*b**2 - 27*b - 14. Is n(x) prime?
True
Suppose 11750585 = 70*h - 59610285. Is h composite?
True
Is (-2 - 26/(-11)) + 11995865/55 a composite number?
False
Let n = -378 - -93. Is n/(-15)*(-1 - -128) a prime number?
False
Suppose 43226 = c - 5*h, 0 = c - 2*h - 15707 - 27540. Is c a prime number?
True
Suppose -16 = -2*h + 3*q, -14 = 3*h - 2*q + 7*q. Suppose 6*b = -h*b + 40. Suppose 0*t = 2*t - 5*f - 2389, -4733 = -4*t - b*f. Is t a prime number?
True
Let v(a) = -a**2 - 25*a - 37. Let g(s) = s**3 - 14*s**2 + 22*s + 1. Let f be g(12). Let o be v(f). Let x(h) = -h**2 + 16*h - 8. Is x(o) composite?
True
Suppose 6*u = 7*u - 1. Let h be (-24)/(-30) - u - (-11)/5. Suppose 0 = 5*s - h*n - 54, -3*s - 4*n = -4*s + 18. Is s a prime number?
False
Suppose -3*w + 2*i = -3 - 2, 4*w = -3*i + 18. Suppose 0 = 17*h - 15*h + 4*u - 67210, 0 = -4*h - w*u + 134395. Is h a composite number?
True
Let i(k) = 373*k**3 - k**2 - 9*k - 4. Let v be i(5). Let m = v + -7010. Is m composite?
False
Suppose 0 = -18*z - 125525 - 29275. Let g = z + 14217. Is g composite?
True
Let b(v) = 127*v**2 - 12*v - 21. Let h be b(8). Suppose -h = -16*j + 9813. Is j prime?
False
Let g(k) = 8*k**2 - 125*k - 2737. Is g(-20) composite?
False
Suppose -14*j = 144 - 4. Let k(y) = -y**3 - 10*y**2 - 6*y + 23. Is k(j) composite?
False
Suppose 3*r - 327225 = 3*j, 20*j - 18*j = -4*r + 436288. Is r a prime number?
True
Let v(c) = -c**3 + 9*c**2 + 11*c + 5. Let b(j) = 4*